 is divided by 18.
13
Calculate the remainder when 293 is divided by 42.
41
Calculate the remainder when 30 is divided by 2.
0
Calculate the remainder when 68 is divided by 11.
2
Calculate the remainder when 153 is divided by 20.
13
Calculate the remainder when 6056 is divided by 9.
8
What is the remainder when 1630 is divided by 136?
134
Calculate the remainder when 3569 is divided by 144.
113
What is the remainder when 64 is divided by 60?
4
What is the remainder when 45 is divided by 16?
13
What is the remainder when 1536 is divided by 254?
12
Calculate the remainder when 454 is divided by 120.
94
Calculate the remainder when 904 is divided by 91.
85
What is the remainder when 12414 is divided by 276?
270
What is the remainder when 223 is divided by 79?
65
What is the remainder when 9874 is divided by 104?
98
What is the remainder when 1762 is divided by 57?
52
Calculate the remainder when 195 is divided by 68.
59
Calculate the remainder when 2179 is divided by 10.
9
What is the remainder when 1362 is divided by 65?
62
What is the remainder when 542 is divided by 265?
12
Calculate the remainder when 354 is divided by 61.
49
What is the remainder when 588 is divided by 27?
21
Calculate the remainder when 11558 is divided by 47.
43
Calculate the remainder when 4522 is divided by 58.
56
Calculate the remainder when 1234 is divided by 19.
18
Calculate the remainder when 379 is divided by 122.
13
What is the remainder when 7149 is divided by 1428?
9
What is the remainder when 409 is divided by 403?
6
Calculate the remainder when 297 is divided by 150.
147
Calculate the remainder when 4426 is divided by 4.
2
What is the remainder when 8484 is divided by 41?
38
What is the remainder when 1356 is divided by 263?
41
What is the remainder when 98 is divided by 5?
3
What is the remainder when 670 is divided by 82?
14
What is the remainder when 193 is divided by 16?
1
What is the remainder when 286 is divided by 75?
61
What is the remainder when 656 is divided by 127?
21
Calculate the remainder when 60 is divided by 49.
11
What is the remainder when 350 is divided by 17?
10
Calculate the remainder when 70 is divided by 50.
20
What is the remainder when 51 is divided by 30?
21
What is the remainder when 19 is divided by 6?
1
What is the remainder when 75 is divided by 28?
19
Calculate the remainder when 133 is divided by 56.
21
What is the remainder when 988 is divided by 43?
42
Calculate the remainder when 751 is divided by 41.
13
What is the remainder when 39 is divided by 7?
4
What is the remainder when 935 is divided by 160?
135
Calculate the remainder when 2220 is divided by 735.
15
What is the remainder when 33 is divided by 30?
3
What is the remainder when 1667 is divided by 38?
33
Calculate the remainder when 68 is divided by 37.
31
What is the remainder when 2864 is divided by 948?
20
Calculate the remainder when 25 is divided by 6.
1
What is the remainder when 856 is divided by 143?
141
What is the remainder when 43 is divided by 43?
0
Calculate the remainder when 108 is divided by 10.
8
Calculate the remainder when 113 is divided by 58.
55
What is the remainder when 210 is divided by 81?
48
Calculate the remainder when 7719 is divided by 286.
283
Calculate the remainder when 1178 is divided by 154.
100
Calculate the remainder when 202 is divided by 21.
13
Calculate the remainder when 806 is divided by 4.
2
Calculate the remainder when 860 is divided by 145.
135
Calculate the remainder when 5561 is divided by 35.
31
Calculate the remainder when 45 is divided by 26.
19
Calculate the remainder when 797 is divided by 40.
37
Calculate the remainder when 144 is divided by 82.
62
What is the remainder when 106 is divided by 2?
0
Calculate the remainder when 880 is divided by 21.
19
What is the remainder when 14845 is divided by 116?
113
What is the remainder when 216 is divided by 71?
3
Calculate the remainder when 499 is divided by 42.
37
Calculate the remainder when 438 is divided by 144.
6
What is the remainder when 275 is divided by 31?
27
Calculate the remainder when 27 is divided by 3.
0
Calculate the remainder when 133 is divided by 46.
41
Calculate the remainder when 632 is divided by 29.
23
Calculate the remainder when 508 is divided by 85.
83
Calculate the remainder when 747 is divided by 22.
21
Calculate the remainder when 1313 is divided by 36.
17
What is the remainder when 379 is divided by 70?
29
Calculate the remainder when 3123 is divided by 5.
3
What is the remainder when 45 is divided by 17?
11
Calculate the remainder when 644 is divided by 15.
14
Calculate the remainder when 42 is divided by 23.
19
Calculate the remainder when 662 is divided by 28.
18
What is the remainder when 182 is divided by 47?
41
What is the remainder when 48 is divided by 23?
2
What is the remainder when 534 is divided by 67?
65
What is the remainder when 168 is divided by 17?
15
Calculate the remainder when 1839 is divided by 607.
18
What is the remainder when 169 is divided by 160?
9
Calculate the remainder when 15996 is divided by 50.
46
What is the remainder when 82 is divided by 26?
4
Calculate the remainder when 331 is divided by 21.
16
Calculate the remainder when 7213 is divided by 39.
37
What is the remainder when 6 is divided by 2?
0
What is the remainder when 263 is divided by 41?
17
Calculate the remainder when 490 is divided by 243.
4
Calculate the remainder when 3884 is divided by 971.
0
What is the remainder when 2414 is divided by 161?
160
What is the remainder when 283 is divided by 41?
37
Calculate the remainder when 232 is divided by 59.
55
Calculate the remainder when 69 is divided by 5.
4
What is the remainder when 6466 is divided by 21?
19
What is the remainder when 180 is divided by 95?
85
Calculate the remainder when 57 is divided by 9.
3
What is the remainder when 77 is divided by 35?
7
What is the remainder when 5430 is divided by 28?
26
What is the remainder when 416 is divided by 68?
8
What is the remainder when 778 is divided by 181?
54
Calculate the remainder when 347 is divided by 31.
6
Calculate the remainder when 370 is divided by 85.
30
What is the remainder when 306 is divided by 14?
12
Calculate the remainder when 54 is divided by 7.
5
Calculate the remainder when 317 is divided by 11.
9
Calculate the remainder when 668 is divided by 169.
161
What is the remainder when 180 is divided by 93?
87
What is the remainder when 2069 is divided by 19?
17
Calculate the remainder when 426 is divided by 177.
72
What is the remainder when 78 is divided by 58?
20
Calculate the remainder when 50 is divided by 10.
0
Calculate the remainder when 240 is divided by 61.
57
Calculate the remainder when 106 is divided by 30.
16
Calculate the remainder when 936 is divided by 22.
12
Calculate the remainder when 77 is divided by 26.
25
Calculate the remainder when 518 is divided by 75.
68
What is the remainder when 62 is divided by 35?
27
Calculate the remainder when 41 is divided by 6.
5
Calculate the remainder when 1860 is divided by 52.
40
Calculate the remainder when 1579 is divided by 31.
29
What is the remainder when 176 is divided by 22?
0
Calculate the remainder when 54 is divided by 41.
13
Calculate the remainder when 918 is divided by 302.
12
Calculate the remainder when 172 is divided by 35.
32
What is the remainder when 314 is divided by 61?
9
What is the remainder when 832 is divided by 60?
52
Calculate the remainder when 329 is divided by 134.
61
Calculate the remainder when 2105 is divided by 301.
299
What is the remainder when 964 is divided by 137?
5
What is the remainder when 1593 is divided by 57?
54
Calculate the remainder when 155 is divided by 40.
35
Calculate the remainder when 78 is divided by 29.
20
What is the remainder when 75 is divided by 43?
32
Calculate the remainder when 93 is divided by 59.
34
Calculate the remainder when 1005 is divided by 458.
89
Calculate the remainder when 667 is divided by 48.
43
Calculate the remainder when 5189 is divided by 59.
56
Calculate the remainder when 3258 is divided by 20.
18
What is the remainder when 1748 is divided by 10?
8
Calculate the remainder when 1280 is divided by 213.
2
What is the remainder when 93 is divided by 14?
9
Calculate the remainder when 605 is divided by